. Suppose 2*m = 4*m - k. Calculate the greatest common divisor of 18 and m.
18
Suppose -3472 = -4*j - 27*j. Calculate the highest common divisor of 7 and j.
7
Suppose 0 = 2*j + j - 6. Suppose j*a = 6*a - 12. Suppose 37 - 4 = a*y. Calculate the greatest common factor of y and 99.
11
Let a be 424/56 + (-4)/7. Let i(h) = 0*h - a*h - 3*h + 2. Let w be i(-1). What is the highest common divisor of w and 4?
4
Suppose -5*u + r + 4368 = 0, -3*u = 7*r - 3*r - 2630. Calculate the highest common divisor of 76 and u.
38
Suppose 4351 - 19399 = -99*m. Calculate the highest common factor of 8 and m.
8
Suppose -2*s + 5*z + 29 = 0, s - 1 = -4*z + 7. Calculate the greatest common divisor of s and 18.
6
Let x(o) = 31*o**2 + 9*o + 10. Let b be x(-4). What is the highest common divisor of 141 and b?
47
Let h = -4 + 2. Let l(o) = -o**3 - o**2 + 2*o + 3. Let f be l(h). Let i be (-1 + -74)/(f/(-3)). Calculate the highest common factor of i and 15.
15
Suppose -4*h = -2*r + 61 + 63, 2*r + 5*h - 88 = 0. What is the greatest common divisor of 108 and r?
54
Suppose -8*t = -539 - 421. Calculate the highest common factor of t and 15.
15
Let d be (36/21)/((-6)/(-294)). What is the highest common factor of d and 252?
84
Suppose 4*z - 3014 = -934. What is the highest common factor of z and 40?
40
Let d = 13 - 6. Let q = 65 - 38. Suppose d*c - 8*c = -q. What is the highest common divisor of c and 135?
27
Let p(j) = 0*j**2 - 4 - 3*j**2 - j**2 + 7*j + 3*j**2. Let t be p(6). Let s be ((-27)/(-36))/(t/136). What is the highest common divisor of s and 34?
17
Let o = -23 + 14. Let w be (-21)/(-9)*(-6 - o). Calculate the greatest common divisor of w and 77.
7
Let z be 39/(-6)*1*2. Let f = -12 - z. Let a = 2 + f. What is the highest common divisor of 6 and a?
3
Let w be 595/(-35)*(-1 + 0). Let h(d) = 9*d - 2. Let q(v) = -1. Let p(c) = -h(c) - 3*q(c). Let j be p(-7). Calculate the highest common divisor of j and w.
17
Suppose 5*v = q + 505, v + 485 = 6*v + 3*q. What is the greatest common divisor of 75 and v?
25
Let j(g) = 210*g + 2. Let w be j(1). Let o = w + -125. Calculate the highest common divisor of o and 29.
29
Suppose -15 = 3*x - 54. Suppose 2 + x = -z. Let s = z + 24. Calculate the greatest common divisor of s and 3.
3
Suppose 41 = 3*p + r + 3*r, 0 = -4*p - r + 33. Let o be (4/(24/7))/(2/12). Calculate the greatest common factor of p and o.
7
Suppose 5*i + 8 = -7, 54 = 3*d - 2*i. Let v be (d/12)/((-4)/6). Let r be (6/(-15))/(v/520). What is the greatest common divisor of r and 13?
13
Let r(q) = q**2 + 6*q + 2. Let w = -8 + 2. Let f be r(w). Suppose u - 5*a - f = 0, -u - a - 4 = -3*u. What is the highest common divisor of u and 2?
2
Suppose 2*f + 27 = 3*f. Suppose 5*c + f - 167 = 0. Let w = 45 - 38. What is the greatest common factor of c and w?
7
Let r = -6 - -13. Suppose -r*o + 0*o = -42. Calculate the greatest common factor of 9 and o.
3
Suppose 0 = -6*x - 28 + 82. What is the greatest common divisor of 261 and x?
9
Let l(w) = -w**2 - 4*w + 8. Let a be l(-6). Let g be (-2)/a*(-418)/(-11). What is the greatest common divisor of 19 and g?
19
Suppose 4 = 2*v - 8. Let o be 5/10*(-4)/(-1). Let k be (3/o)/((-7)/(-14)). What is the greatest common factor of v and k?
3
Let f be -4*(20/8 - 3). Suppose y - 6 = -2*i, -i + 2*y + f + 6 = 0. Suppose i*w - 14 + 2 = 0. What is the greatest common factor of 3 and w?
3
Suppose -2*x - 5*s + 83 = 0, 0*x = -4*x - 2*s + 206. What is the highest common divisor of x and 234?
18
Suppose -9*w + 1643 = 158. What is the highest common divisor of 33 and w?
33
Suppose -3*q - 285 = -2*i, -i - 3*q - 21 + 150 = 0. What is the highest common divisor of i and 18?
6
Let l be (-1)/(-5) - 118/(-10). Let o be 16 - (9 - -35)/11. What is the highest common divisor of l and o?
12
Suppose -3*c - 53*z + 47 = -48*z, -5*z - 25 = 0. Calculate the greatest common factor of 318 and c.
6
Suppose -3*m = -5*q + 4 + 25, q + 1 = 4*m. Suppose -x + 33 - 1 = -4*k, 5*x - 4*k = 144. What is the highest common divisor of q and x?
7
Let v be 6*11/(33/(-50)). Let s = v + 118. Calculate the highest common divisor of 66 and s.
6
Suppose 5*n = -4*v - 101, v + v - 2*n = -46. Let b = 39 + v. Calculate the greatest common divisor of 90 and b.
15
Let z(b) = -17*b - 222. Let l be z(-25). What is the greatest common factor of 174 and l?
29
Let q(v) = -v**3 + 15*v**2 - 30*v + 76. Let g be q(12). Calculate the highest common divisor of g and 37.
37
Suppose 0 = 3*s + 2*c - 0*c - 79, s - 4*c - 45 = 0. Calculate the highest common divisor of s and 29.
29
Let d be (-10)/(-4) - (-63)/(-42) - -117. What is the greatest common factor of d and 1770?
118
Let u(r) = -r + 5. Let a be u(-5). Suppose 22*o - 1139 = -39. Calculate the highest common divisor of o and a.
10
Let q = -935 + 1144. What is the greatest common divisor of 190 and q?
19
Let r(g) = g**3 + g + 2. Let p be r(3). Let l = p + -17. What is the greatest common divisor of l and 5?
5
Let b be 65/((63/35)/9). What is the greatest common divisor of 39 and b?
13
Let h = 1051 - 931. What is the greatest common divisor of h and 72?
24
Suppose 3*a + 198 = 5*p + 7, 123 = 3*p + a. Calculate the greatest common factor of p and 70.
10
Let z(j) = j**3 + 2*j**2 - 3*j + 3. Let n be z(3). What is the greatest common factor of 65 and n?
13
Let s(d) = -4*d**3 + 1. Let i be s(-2). Let n = -9 + i. Let h = -256 + 264. Calculate the greatest common divisor of h and n.
8
Let z = 35 - 33. Suppose 0 = k - l - 7, 0*l = k - z*l - 5. What is the greatest common factor of k and 45?
9
Let s = -9818 - -14249. What is the greatest common factor of s and 21?
21
Suppose -k - 3*c + 35 = 0, -2*k - c - 10 = -60. What is the highest common divisor of 736 and k?
23
Let g be (6/4)/(1/2). Suppose 0 = -4*v - f + 42, g*v - 6 = -4*f + 32. Let l be 768/7 + 4/14. What is the greatest common factor of v and l?
10
Let r(n) = -5*n - 11. Let x be r(-4). Let g be ((-1)/2)/(16/(-2592)). Calculate the greatest common divisor of g and x.
9
Let r = 147 - 145. Suppose 2*w + r*w = 5*o + 922, -238 = -w + 5*o. What is the greatest common divisor of 38 and w?
38
Suppose -2*a - 22 = -4*v - 0, -4*v = 2*a - 10. Let z = a + 14. Calculate the greatest common factor of z and 11.
11
Let g(w) = 6*w**2 - 72*w + 1. Let q be g(12). Calculate the greatest common divisor of q and 61.
1
Let u(t) = 18*t**3 - t**2 + t. Let h be u(1). Let o = 3870 - 3798. What is the highest common factor of h and o?
18
Suppose 47*h = 33*h + 196. Let b(r) = 16*r**3 - 2*r**2 + 3*r. Let c be b(2). Calculate the highest common divisor of h and c.
14
Let j = 693 - 388. Let w = j - 173. What is the highest common divisor of 12 and w?
12
Suppose 0 = 20*f - 1126 - 434. Calculate the highest common factor of 390 and f.
78
Let a(z) be the first derivative of z**3/3 + z**2/2 - 9*z - 5. Let f be a(3). Calculate the highest common divisor of f and 24.
3
Let t = -57 - -267. Let v = 99 - 69. What is the highest common divisor of v and t?
30
Let r(d) = -22*d - 277. Let g be r(-13). Calculate the greatest common divisor of 81 and g.
9
Let m = 27 + -22. Suppose -m*s = -k + 24, -5*k + k = 5*s + 4. Let g be ((-4)/6)/((-3)/54). What is the highest common divisor of g and k?
4
Suppose 13*v - 9*v - 12 = 2*k, 15 = 5*v + 4*k. Calculate the greatest common divisor of v and 39.
3
Let u = 228 + -227. Calculate the highest common divisor of u and 73.
1
Let v be 0/((-5)/5*1). Suppose 0 = 5*f + 2*d - 11 - 23, -5*f - 4*d + 38 = v. Calculate the greatest common factor of 6 and f.
6
Suppose -158 = -17*x + 437. What is the highest common divisor of x and 1015?
35
Suppose 0 = 5*v - 2*p - 669, -v = -5*p - 43 - 77. What is the greatest common factor of v and 105?
15
Let m(n) = 108*n + 30. Let d be m(12). Suppose 0 = -16*a + d - 366. Calculate the greatest common divisor of 12 and a.
12
Let s = -17 + 88. Let o = -41 + s. Calculate the greatest common factor of 75 and o.
15
Let n be (-3)/((-9)/(-10))*-6. Let q be (-8200)/615*(-15)/4. What is the highest common factor of q and n?
10
Suppose d = j + 19, 3*d - 3*j = -2*j + 51. Let r = 17 - d. What is the greatest common divisor of r and 5?
1
Let b = 108 + 487. What is the greatest common factor of b and 476?
119
Let f = -2 - -2. Let p = 156 - 106. Suppose -v + 6*v - p = f. What is the greatest common divisor of 80 and v?
10